osite number?
True
Let b = -38 - -43. Suppose 4*t + 5 = b*t + 3*j, 4*t = -j - 13. Is 96/(-8)*23/t a prime number?
False
Let t = 1643 + -184. Let f = 664 + t. Is f composite?
True
Let b be ((-182)/3)/((-74)/36 - -2). Let g = 2551 - b. Is g a composite number?
False
Suppose -11*o - 240276 = 18*o - 2177737. Is o prime?
True
Suppose 0 = -6*t - 3*t + 567. Suppose -3*p = -3*r - t, 5*p = -2*r - 21 + 7. Let m = 14 - r. Is m prime?
True
Let k(a) = 20*a**2 + 62*a + 235. Is k(31) composite?
False
Is (-3 - (-1223796)/57) + 30/(-285) a composite number?
False
Let f be -5 + 0 + 4 + 8058. Suppose o = 8*o - f. Is o composite?
False
Let w be (96/(-21) - -4)*-7. Suppose -2*c - q = -848, -q = w*c - 834 - 860. Suppose 5*t = 1942 + c. Is t a prime number?
False
Let o = 261608 - 113335. Is o composite?
True
Let f(h) = h**3 - 9*h**2 + 6*h + 29. Let a be f(8). Suppose 235487 + 2426 = a*q. Is q composite?
False
Suppose 0 = 2*n + 9 + 5. Let l(z) be the second derivative of -z**3/2 + z**2 - 5*z. Is l(n) composite?
False
Let p be -10*5/20*-382. Let j = p - 212. Is j composite?
False
Let t(p) = p**2 - 210. Let a be t(0). Let m be (-1 - -5) + 217 + 95. Let q = m + a. Is q composite?
True
Let t(n) = 6*n**2 - 156*n - 109. Is t(-49) composite?
True
Suppose 5*t - 3254 = 4*f - 25015, 15 = 5*t. Let z = f - 3111. Is z a composite number?
False
Let h(v) = 61*v + 7 - 8 - 62*v. Let o(p) = 319*p + 10. Let d(q) = -3*h(q) - o(q). Is d(-8) composite?
False
Let q = -250849 + 351480. Is q prime?
False
Let d = -7685 + 10833. Suppose 4*v + 4849 = t - d, t - 5*v = 8000. Is t composite?
True
Suppose 17*k - 13*k - 24 = 0. Let a be -2 + 0 - (-224 + k) - 0. Suppose 2*r - 958 - a = 0. Is r a composite number?
False
Suppose -1001*a + 959*a + 174006 = 0. Is a prime?
False
Suppose 45*w + 28 = 52*w. Suppose 4*k + w*a = 51020, 0 = 2*k - 9*a + 4*a - 25482. Is k a prime number?
False
Let y(q) = 2436*q - 14225. Is y(35) prime?
False
Let v(f) = 20*f**2 + 13*f + 7. Let b be v(-2). Suppose -b*k = -12*k - 2251207. Is k a prime number?
True
Suppose 13553 + 4057 = -10*y. Let c = 1898 - y. Is c a prime number?
True
Suppose 0*u - 5*u + 112805 = 0. Suppose 14*p - 21*p = -u. Is p a composite number?
True
Suppose -60*c + 5*p - 70339 = -62*c, -70342 = -2*c - 4*p. Is c a prime number?
False
Let q be (1 + -3)*-6*(-20)/3. Let n = 162 + q. Let j = 179 - n. Is j prime?
True
Let h = -39600 - -94301. Is h a prime number?
False
Suppose 55*s - 62*s = -61628. Suppose -2*y = c - s + 3407, -y = -3*c + 16198. Is c a composite number?
False
Suppose -75*p + 111 = -72*p. Is p*3*1115/15 composite?
True
Let n = 3356802 - 1843657. Is n prime?
False
Let a(w) = -9*w**3 + 11*w**2 + 4*w - 7913. Let d(k) = 5*k**3 - 6*k**2 - 2*k + 3957. Let c(b) = -4*a(b) - 7*d(b). Is c(0) composite?
True
Let j(b) = -22*b + 4*b - 25 - 6. Suppose -61*f - 468 = -35*f - 156. Is j(f) a composite number?
True
Let q = -18 - -6. Let m be ((-20)/24)/(2/q). Suppose -m*b = -4*b - 178. Is b composite?
True
Let z = 468 + 154789. Is z a composite number?
True
Let u(j) = -275*j - 1. Let c be u(2). Suppose 69*q - 41*q = -37464. Let d = c - q. Is d a composite number?
False
Let z = -89361 - -186776. Is z composite?
True
Suppose -6*v + 4*n + 167442 = -4*v, 0 = 7*v + n - 586017. Is v composite?
False
Let q be (-562)/(-7) - (96/42 + -2). Let a be (q/50)/((-2)/(-5)). Suppose 2*f = 4*h - 2110, -a*h + 2107 = f - 4*f. Is h a prime number?
False
Let k be (6/(-15))/((-8)/460). Suppose y - 1064 - k = 0. Is y a composite number?
False
Let p(s) = -s**3 + 14*s**2 + s - 17. Let w be p(14). Let z(q) = 5*q + 14. Let h be z(w). Is -92*(h - 3/12) composite?
True
Suppose 2*r + 345501 = -1095*t + 1100*t, -69082 = -t + 3*r. Is t a prime number?
False
Suppose -12*m = -8*m - 12. Suppose 30 = 5*t + 2*f, t = 2*f - 4*f + 14. Suppose t*p + 81 = 2*l + l, -m*p = -l + 22. Is l prime?
True
Let f be 9 - -2*5/10. Suppose -7*l + 11 = -f. Suppose -3*y = -6, -l*y = -2*p + 2*y + 852. Is p composite?
False
Let u(h) = -h**2 - 8*h - 8. Let j be u(-5). Let t = -6 + j. Is (t/2)/((-4)/(-16856)*7) a composite number?
True
Let v = -29 + -1472. Let h = -854 - v. Is h a prime number?
True
Let f = -14 + 72. Let z = 61 - f. Suppose 0 = -0*c - z*c + 267. Is c prime?
True
Suppose 0 = -9*g + 1258787 + 1339090. Is g composite?
False
Let d(v) = -7869*v - 1519. Is d(-10) composite?
False
Let w be 14*-7*1/(-14). Is (0 - 0)/w - -12295 a composite number?
True
Let i be (1 - 2)*92*-21. Suppose -3*k - 2*q = 3*q - i, 0 = -3*q. Suppose -5*o + o + k = 0. Is o a composite number?
True
Let b be (4 + 13267)/((-12)/(-48)). Suppose -24*n + 5140 = -b. Is n a prime number?
False
Suppose 5*v - 13 - 1 = -2*n, n + 3*v = 8. Let k be 2*(81/n + -4). Suppose -k = -4*a + 27. Is a a prime number?
False
Suppose -5*w - 5*c = -2612360, w - 5*c = -4*c + 522466. Is w a composite number?
False
Let b be ((-2360)/(-30))/((-4)/(-42)). Let l = -1098 + 726. Let v = b + l. Is v a prime number?
False
Let y(g) = -5*g + 109. Let l be y(20). Suppose -3*k + 3451 = 4*s, -s = 4*k - l*k + 5790. Is k composite?
True
Suppose 644229 + 118787 = 5*d - a, -2*a - 1068223 = -7*d. Is d composite?
True
Let l(r) = 24*r**2 + 104*r + 253. Is l(-141) a prime number?
True
Let v = 85108 - 51194. Suppose 8*l - 122558 = v. Is l composite?
False
Is 3374 + 1 - 20/110*22 composite?
False
Suppose -203 - 953 = -4*u. Suppose -2*i = 3*q + 330, -4*q + 154 = 7*i - 8*i. Let l = u + i. Is l a composite number?
False
Is -5 - -2 - -3 - (-22937 + 46) prime?
False
Suppose -32*y + 22930 + 1394958 = 0. Is y a composite number?
True
Suppose 0 = -2*a + p + 2*p + 6680, 2*p - 6660 = -2*a. Suppose 4*g - 3630 - a = 0. Is g composite?
False
Suppose -3*u + 0*h = 5*h - 313, -5*u + 495 = -5*h. Let q(x) = -5*x + 4*x + 3 + 33*x**3 + u*x**3. Is q(2) a prime number?
False
Let n be 0 + (6 - 3) + (-1 - -2). Suppose -7*q + 15257 = 5*z - n*q, 5*z = 4*q + 15229. Is z composite?
False
Let f(k) = -130*k**2 + 67*k**2 + 12*k**3 + 63*k**2 + 11 - 10*k. Is f(6) a prime number?
True
Let a(q) = 82765*q + 404. Is a(9) a prime number?
False
Let w be (4 + 6 - -59)*(-1 - -2). Suppose -9 = -3*a + 21. Suppose a = i - w. Is i prime?
True
Let d be 120/9*((-643)/(-2) - -1). Suppose -g + 4300 = 2*b + 3*b, -2*g - d = -5*b. Let h = 1491 - b. Is h a composite number?
False
Let g(f) = 106*f - 74 + 68*f + 37*f + 101. Is g(32) a composite number?
False
Suppose 222*n - 202*n = 10412325 + 3043015. Is n a prime number?
True
Let z(t) = t**2 + 3*t - 15. Let i = 49 - 42. Let s be z(i). Suppose -s - 4 = -l. Is l prime?
True
Suppose 48 + 12 = 6*h. Is (-7 - -1) + 6075 + h composite?
False
Is 234415/60 - (-52)/624 prime?
True
Suppose 2*h = -v + 96647, -5*v + 28*h = 31*h - 483221. Is v a prime number?
True
Let b(t) be the third derivative of -4*t**2 - 31/24*t**4 + 0*t + 0 - 1/6*t**5 + 1/120*t**6 + 1/3*t**3. Is b(13) composite?
True
Let m(r) = -15*r**3 - 13*r - 3. Let v(w) = -14*w**3 - 12*w - 3. Let g(z) = 6*m(z) - 7*v(z). Is g(10) a prime number?
False
Let p be (3 + -3)/(-3 + 8). Let o(g) = -6*g**2 - g + 1117. Is o(p) a prime number?
True
Let b(f) = -f**2 + 3*f + 9. Let l(m) = 3*m**2 + 19*m + 10. Let c be l(-6). Let r be b(c). Suppose -r*u = 4*n - 611, -2*u + 2*n = n - 234. Is u composite?
True
Suppose -19 = 2*x - 61. Let z(d) = 915*d**2 + 3*d - 22*d**2 + x*d**2 - 4*d. Is z(1) a composite number?
True
Suppose -129*h + 375*h = -98*h + 137788168. Is h a prime number?
False
Suppose 0 = 70*g - 5665488 - 1938459 + 38977. Is g composite?
True
Let r(v) be the first derivative of -25*v**2 + 77*v - 20. Is r(-19) a prime number?
False
Suppose -147*u + 468*u - 214277233 - 187621508 = 0. Is u a prime number?
True
Let j(v) = 560*v**2 + 40*v - 209. Is j(-14) a composite number?
False
Let r = -260003 + 399396. Is r a composite number?
False
Suppose -10*p = -7*p + 21. Let o(u) = 3*u**3 - 5*u**2 - 6*u + 1. Let d(g) = 7*g**3 - 10*g**2 - 13*g + 1. Let b(a) = 2*d(a) - 5*o(a). Is b(p) a composite number?
False
Let f(r) = -2*r - 62. Let s be f(-33). Suppose -2172 = -3*a + 5*y, -y - 2864 = -s*a - 5*y. Is a a composite number?
False
Suppose -166372 + 353707 = -18*i + 2018493. Is i a composite number?
True
Suppose v + 16 = 30. Suppose 0 = f + 11 - v. Suppose 0 = f*c - 243 - 708. Is c composite?
False
Suppose 111579 = y + 5*a - 7*a, 4*y - 446310 = 2*a. Is y a composite number?
F